ctor of 84055094?
False
Is 46797320 a multiple of 3?
False
Does 560 divide 706682?
False
Does 141 divide 3631484?
False
Is 79451358 a multiple of 824?
False
Is 28010753 a multiple of 52?
False
Does 3 divide 644738286?
True
Is 144851264 a multiple of 3?
False
Does 3167 divide 1777279229?
True
Does 227 divide 3934633903?
True
Is 13 a factor of 996870399?
False
Is 19 a factor of 349078800?
False
Does 583 divide 144188726?
True
Is 381 a factor of 69298566?
True
Is 295 a factor of 171279655?
True
Is 4856778 a multiple of 89?
False
Is 43238245 a multiple of 1901?
True
Does 2809 divide 1196133998?
True
Does 196 divide 1177109752?
True
Is 795892548 a multiple of 16?
False
Is 67295690 a multiple of 70?
True
Does 518 divide 93536296?
True
Does 25 divide 352086854?
False
Is 208430360 a multiple of 24?
False
Does 7967 divide 2677645750?
False
Is 2926 a factor of 1276982476?
True
Does 2 divide 136557655?
False
Is 2108899504 a multiple of 97?
True
Is 216 a factor of 25469856?
True
Does 167 divide 70376639?
True
Is 2232156 a multiple of 16?
False
Is 17 a factor of 366557655?
True
Does 19 divide 7108443?
False
Is 15 a factor of 154650435?
True
Does 135 divide 770162715?
True
Does 229 divide 5535613?
False
Is 59 a factor of 36507572?
False
Is 333904848 a multiple of 78?
False
Is 1405 a factor of 3188117?
False
Is 7 a factor of 15900556?
True
Is 3004058486 a multiple of 1859?
True
Is 98154797 a multiple of 3112?
False
Does 4 divide 289574183?
False
Does 59 divide 149516156?
False
Does 140 divide 209144749?
False
Does 6030 divide 2334894390?
True
Does 30 divide 21287145?
False
Does 69 divide 439523714?
False
Does 15 divide 6349369665?
True
Is 90457236 a multiple of 4?
True
Does 29 divide 302436186?
True
Is 1383586248 a multiple of 12?
True
Is 2 a factor of 1466512?
True
Does 53 divide 101737104?
True
Is 2387 a factor of 92902040?
True
Does 23 divide 82186110?
False
Does 374 divide 86986654?
False
Does 17 divide 14399374?
True
Is 25442600 a multiple of 126?
False
Is 50785095 a multiple of 59?
False
Does 40 divide 2033181043?
False
Is 1053 a factor of 201132477?
True
Is 72599510 a multiple of 45?
False
Does 352 divide 232771839?
False
Does 48 divide 447768624?
True
Is 82583350 a multiple of 84?
False
Is 56 a factor of 7986832?
True
Does 267 divide 2982262924?
False
Is 68818644 a multiple of 36?
True
Is 14981760 a multiple of 1836?
True
Is 331 a factor of 8710285?
False
Is 317626383 a multiple of 281?
True
Is 18426890 a multiple of 145?
True
Is 465 a factor of 208125630?
True
Is 1137 a factor of 1030260954?
False
Does 17 divide 931541080?
False
Is 40 a factor of 82194606?
False
Is 18897300 a multiple of 3?
True
Is 34 a factor of 349802710?
True
Is 700 a factor of 45736456?
False
Is 7 a factor of 108875914?
True
Is 74 a factor of 33941840?
False
Is 5 a factor of 19432995?
True
Is 525886496 a multiple of 4?
True
Does 6 divide 62268630?
True
Does 6 divide 229953942?
True
Is 4761391 a multiple of 316?
False
Is 8 a factor of 68311544?
True
Is 359 a factor of 232616497?
False
Does 59 divide 79295073?
False
Is 126 a factor of 45454406?
False
Is 349 a factor of 15433629?
False
Is 180 a factor of 222061320?
True
Does 237 divide 367921198?
False
Does 50 divide 1104850?
True
Is 87629437 a multiple of 69?
False
Is 369 a factor of 631719851?
False
Is 311 a factor of 45546108?
False
Is 230 a factor of 33045720?
False
Is 35 a factor of 404606545?
True
Is 3603904 a multiple of 171?
False
Is 209 a factor of 49966012?
False
Is 136 a factor of 32150999?
False
Is 612 a factor of 92206368?
True
Is 323895466 a multiple of 1711?
False
Does 2839 divide 507797735?
True
Is 6 a factor of 445853?
False
Does 10 divide 10967640?
True
Does 36 divide 45760571?
False
Is 1109 a factor of 491361427?
False
Is 725510814 a multiple of 541?
False
Does 11590 divide 3203517948?
False
Is 438403824 a multiple of 3852?
True
Is 111 a factor of 41540643?
False
Is 3273666355 a multiple of 14466?
False
Does 41 divide 55268571?
False
Is 9 a factor of 69219?
True
Is 227 a factor of 888626052?
False
Does 16 divide 113415520?
True
Does 11 divide 32433324?
True
Is 893356175 a multiple of 215?
True
Is 803194866 a multiple of 80?
False
Is 54 a factor of 20408382?
True
Does 31 divide 84899795?
False
Is 6968591 a multiple of 29?
False
Is 108058194 a multiple of 18?
True
Is 32 a factor of 243333?
False
Is 24471307 a multiple of 770?
False
Does 9 divide 14050377?
True
Is 19485363 a multiple of 16?
False
Does 5243 divide 1320042007?
False
Is 898 a factor of 28013457?
False
Does 1513 divide 507277823?
False
Is 2463034 a multiple of 49?
True
Is 4973998 a multiple of 79?
True
Is 295 a factor of 1178050992?
False
Is 12 a factor of 27801546?
False
Is 1340919105 a multiple of 4?
False
Is 50949448 a multiple of 3?
False
Does 370 divide 3447660?
True
Is 178683953 a multiple of 141?
False
Is 63 a factor of 55265769?
False
Is 909390687 a multiple of 1759?
True
Is 16 a factor of 3906620?
False
Does 4524 divide 171897855?
False
Does 24 divide 31719743?
False
Is 112 a factor of 12018461?
False
Is 20 a factor of 10028696?
False
Is 5 a factor of 99380350?
True
Is 838922900 a multiple of 211?
False
Does 18 divide 3699358596?
True
Is 21315371 a multiple of 11?
True
Is 174250008 a multiple of 636?
True
Is 552607302 a multiple of 26?
True
Is 19408472 a multiple of 1621?
False
Is 145989388 a multiple of 280?
False
Is 7296502694 a multiple of 379?
True
Does 826 divide 334483403?
False
Does 87 divide 154111539?
True
Is 172 a factor of 4826148?
True
Is 33 a factor of 148409910?
True
Is 182 a factor of 37984492?
True
Is 970 a factor of 472163020?
True
Is 3208128 a multiple of 1568?
True
Is 9 a factor of 12967933?
False
Is 5561139 a multiple of 4?
False
Does 11 divide 21407903?
True
Is 15245695 a multiple of 3?
False
Is 155 a factor of 151112135?
True
Is 15 a factor of 28371510?
True
Is 996 a factor of 1599278029?
False
Is 2348 a factor of 1215613053?
False
Does 93 divide 462543192?
False
Is 48 a factor of 2622096?
True
Is 280419640 a multiple of 626?
False
Is 238870657 a multiple of 10?
False
Is 2505309351 a multiple of 30?
False
Is 94579003 a multiple of 451?
False
Does 120 divide 68594734?
False
Is 5426894 a multiple of 70?
False
Is 1297 a factor of 297564225?
True
Does 96 divide 95379121?
False
Is 743 a factor of 3117616350?
False
Does 13 divide 254127?
False
Is 208 a factor of 2502521424?
True
Is 107692297 a multiple of 97?
False
Is 27497401 a multiple of 2962?
False
Is 43 a factor of 1516683357?
False
Is 50768741 a multiple of 10?
False
Does 71 divide 8105606?
False
Is 139 a factor of 173454069?
True
Does 76 divide 1599790496?
False
Is 25590705 a multiple of 35?
True
Does 123 divide 1132253991?
True
Is 836 a factor of 76617744?
False
Does 48 divide 50028675?
False
Does 952 divide 46963952?
False
Does 2385 divide 267926130?
True
Does 588 divide 563593975?
False
Is 494093848 a multiple of 1003?
True
Does 36 divide 814392?
True
Does 840 divide 170384760?
True
Is 527089130 a multiple of 34?
False
Does 240 divide 20546950?
False
Is 61533248 a multiple of 56?
True
Is 64053856 a multiple of 32?
True
Is 20 a factor of 477526708?
False
Is 1466479840 a multiple of 6741?
False
Does 464 divide 88849229?
False
Is 656139729 a multiple of 749?
True
Is 405 a factor of 113023797?
False
Does 11 divide 2318620744?
True
Does 88 divide 21540552?
True
Is 17797201 a multiple of 90?
False
Does 2139 divide 132461084?
False
Is 16532241 a multiple of 725?
False
Is 2188872 a multiple of 707?
True
Does 801 divide 579048759?
False
Is 107 a factor of 456851256?
False
Is 37773800 a multiple of 799?
False
Is 97 a factor of 167189219?
False
Is 17390965 a multiple of 1321?
True
Is 1390952574 a multiple of 9?
True
Does 23 divide 55645602?
True
Is 81684762 a multiple of 2238?
True
Is 332753916 a multiple of 35?
False
Does 194 divide 50231062?
True
Does 13 divide 12547263?
False
Is 10 a factor of 2701567070?
True
Is 443897207 a multiple of 689?
True
Is 256 a factor of 106119680?
True
Is 1832854012 a multiple of 6454?
False
Does 32 divide 146326880?
True
Is 179589840 a multiple of 123?
True
Is 7103 a factor of 794662331?
True
Does 144 divide 724810650?
False
Is 356 a factor of 824496?
True
Does 27 divide 351020817?
True
Is 542020 a multiple of 41?
True
Does 45 divide 29695513